
List the prime factors of 1896531.
3, 7, 13, 6947
What are the prime factors of 12300710?
2, 5, 1230071
List the prime factors of 4444578.
2, 3, 82307
What are the prime factors of 968986?
2, 484493
What are the prime factors of 10726367?
10726367
What are the prime factors of 1439545?
5, 127, 2267
List the prime factors of 15399977.
17, 43, 21067
What are the prime factors of 438319?
7, 62617
What are the prime factors of 185240?
2, 5, 11, 421
What are the prime factors of 2663829?
3, 7, 42283
What are the prime factors of 2930507?
2930507
What are the prime factors of 628496?
2, 11, 3571
List the prime factors of 4633525.
5, 13, 53, 269
What are the prime factors of 893345?
5, 29, 61, 101
What are the prime factors of 2418369?
3, 17, 47419
List the prime factors of 7199038.
2, 7, 11, 46747
What are the prime factors of 460084?
2, 115021
List the prime factors of 16872365.
5, 3374473
List the prime factors of 1402744.
2, 7, 37, 677
List the prime factors of 1912786.
2, 956393
What are the prime factors of 1641906?
2, 3, 7, 83, 157
List the prime factors of 2589724.
2, 41, 15791
List the prime factors of 138471.
3, 101, 457
What are the prime factors of 12819?
3, 4273
What are the prime factors of 9750503?
7, 17, 81937
What are the prime factors of 270306?
2, 3, 15017
What are the prime factors of 1803143?
421, 4283
List the prime factors of 304060.
2, 5, 23, 661
What are the prime factors of 322258?
2, 59, 2731
List the prime factors of 1419206.
2, 709603
List the prime factors of 168625.
5, 19, 71
What are the prime factors of 235576?
2, 11, 2677
What are the prime factors of 720?
2, 3, 5
List the prime factors of 6833442.
2, 3, 7, 11, 2113
List the prime factors of 2856124.
2, 179, 3989
List the prime factors of 5320931.
7, 11, 19, 3637
List the prime factors of 2616531.
3, 872177
List the prime factors of 778994.
2, 53, 7349
What are the prime factors of 46667?
23, 2029
What are the prime factors of 492940?
2, 5, 7, 503
List the prime factors of 574071.
3, 61, 3137
What are the prime factors of 619245?
3, 5, 11, 139
List the prime factors of 670668.
2, 3, 55889
List the prime factors of 20068016.
2, 1254251
List the prime factors of 2319276.
2, 3, 17, 11369
What are the prime factors of 17436401?
137, 929
What are the prime factors of 248464?
2, 53, 293
What are the prime factors of 594893?
13, 67, 683
What are the prime factors of 22614925?
5, 29, 31193
What are the prime factors of 115508?
2, 67, 431
What are the prime factors of 11544843?
3, 97, 409
What are the prime factors of 7801793?
17, 458929
What are the prime factors of 9165200?
2, 5, 11, 2083
What are the prime factors of 2604810?
2, 3, 5, 13, 6679
List the prime factors of 616794.
2, 3, 17, 6047
List the prime factors of 227284.
2, 56821
List the prime factors of 9031119.
3, 173, 17401
List the prime factors of 5246070.
2, 3, 5, 23, 7603
List the prime factors of 1259839.
7, 3673
List the prime factors of 5735884.
2, 7, 11, 1693
List the prime factors of 78156.
2, 3, 13, 167
List the prime factors of 1771222.
2, 885611
List the prime factors of 530166.
2, 3, 7, 13, 971
List the prime factors of 994489.
994489
List the prime factors of 1045508.
2, 29, 9013
What are the prime factors of 629885?
5, 263, 479
What are the prime factors of 6799212?
2, 3, 7, 26981
List the prime factors of 653173.
409, 1597
What are the prime factors of 24428226?
2, 3, 4071371
List the prime factors of 1083152.
2, 7, 19, 509
What are the prime factors of 336624?
2, 3, 7013
List the prime factors of 211634.
2, 105817
What are the prime factors of 38724901?
38724901
What are the prime factors of 1309945?
5, 7, 13, 2879
List the prime factors of 2284019.
2284019
List the prime factors of 1449211.
1449211
What are the prime factors of 19483028?
2, 1777, 2741
What are the prime factors of 3379064?
2, 13, 32491
List the prime factors of 604588.
2, 17, 523
List the prime factors of 2299161.
3, 766387
What are the prime factors of 862775?
5, 34511
List the prime factors of 89042.
2, 211
What are the prime factors of 2033173?
47, 181, 239
List the prime factors of 4802885.
5, 43, 89, 251
List the prime factors of 7518279.
3, 29, 103, 839
List the prime factors of 753510.
2, 3, 5, 25117
List the prime factors of 163070.
2, 5, 23, 709
List the prime factors of 291636.
2, 3, 8101
List the prime factors of 195092.
2, 17, 19, 151
List the prime factors of 965564.
2, 241391
List the prime factors of 799629.
3, 17, 15679
List the prime factors of 2853621.
3, 313, 1013
List the prime factors of 5413508.
2, 1353377
What are the prime factors of 2277024?
2, 3, 23719
List the prime factors of 6521925.
3, 5, 86959
List the prime factors of 3315036.
2, 3, 23, 12011
What are the prime factors of 243360?
2, 3, 5, 13
What are the prime factors of 10482135?
3, 5, 23, 1321
List the prime factors of 7433288.
2, 929161
List the prime factors of 557267.
23, 24229
List the prime factors of 352235.
5, 13, 5419
What are the prime factors of 162561?
3, 7, 7741
List the prime factors of 167275.
5, 6691
List the prime factors of 1677987.
3, 37, 5039
List the prime factors of 3685331.
13, 283487
What are the prime factors of 72806?
2, 59, 617
What are the prime factors of 1079964?
2, 3, 131, 229
List the prime factors of 106844.
2, 26711
What are the prime factors of 299678?
2, 149839
List the prime factors of 18844446.
2, 3, 3140741
List the prime factors of 2430948.
2, 3, 13, 15583
What are the prime factors of 173871?
3, 19319
What are the prime factors of 29142156?
2, 3, 53, 45821
List the prime factors of 29234.
2, 47, 311
What are the prime factors of 11148693?
3, 113, 32887
What are the prime factors of 157828?
2, 11, 17, 211
What are the prime factors of 1726922?
2, 199, 4339
What are the prime factors of 1749058?
2, 23, 47, 809
What are the prime factors of 893910?
2, 3, 5, 83, 359
What are the prime factors of 857135?
5, 171427
List the prime factors of 1375693.
11, 125063
What are the prime factors of 38391?
3, 67, 191
What are the prime factors of 1534511?
11, 139501
List the prime factors of 31539656.
2, 113, 139, 251
What are the prime factors of 278705?
5, 7, 7963
What are the prime factors of 146827?
29, 61, 83
What are the prime factors of 303641?
13, 23357
List the prime factors of 970563.
3, 11, 29411
List the prime factors of 5559527.
17, 157, 2083
List the prime factors of 1658542.
2, 439, 1889
List the prime factors of 18801576.
2, 3, 223, 1171
What are the prime factors of 7653033?
3, 850337
List the prime factors of 99090.
2, 3, 5, 367
List the prime factors of 263008.
2, 8219
What are the prime factors of 252481?
252481
List the prime factors of 1228835.
5, 179, 1373
List the prime factors of 168200.
2, 5, 29
What are the prime factors of 12813161?
12813161
List the prime factors of 2171834.
2, 7, 53, 2927
What are the prime factors of 83992?
2, 10499
What are the prime factors of 314809?
11, 28619
List the prime factors of 581401.
421, 1381
List the prime factors of 277097.
277097
What are the prime factors of 29888?
2, 467
What are the prime factors of 486806?
2, 243403
List the prime factors of 2739649.
11, 249059
List the prime factors of 9161030.
2, 5, 916103
What are the prime factors of 7093933?
7, 11, 181, 509
List the prime factors of 396561.
3, 11, 61, 197
What are the prime factors of 307681?
11, 83, 337
What are the prime factors of 226525?
5, 13, 17, 41
List the prime factors of 260938.
2, 130469
List the prime factors of 234204.
2, 3, 29, 673
What are the prime factors of 74454?
2, 3, 12409
List the prime factors of 1870344.
2, 3, 7, 1237
List the prime factors of 321001.
29, 11069
What are the prime factors of 29369970?
2, 3, 5, 7, 46619
List the prime factors of 4024012.
2, 1006003
What are the prime factors of 9187889?
47, 233, 839
What are the prime factors of 2587980?
2, 3, 5, 43133
What are the prime factors of 996520?
2, 5, 7, 3559
List the prime factors of 10110399.
3, 13, 397, 653
List the prime factors of 7074930.
2, 3, 5, 113, 2087
What are the prime factors of 1387098?
2, 3, 17, 1511
List the prime factors of 3725459.
3725459
List the prime factors of 224443.
224443
What are the prime factors of 1388255?
5, 11, 43, 587
What are the prime factors of 1913458?
2, 149, 6421
What are t